121003133 (base 5) to base 11.
354a24
Convert 100212313012 (base 4) to base 6.
233150554
Convert 1000110020011022 (base 3) to base 11.
8265417
What is -2172547 (base 11) in base 13?
-a35233
-111011001011000010111 (base 2) to base 11
-1104858
6541b (base 15) to base 8
1164017
-3005350 (base 10) to base 6
-144225354
Convert -17b91 (base 16) to base 6.
-2025505
Convert -201025126 (base 7) to base 15.
-1052ec7
What is -a07941 (base 12) in base 9?
-4632684
-5406310 (base 10) to base 2
-10100100111111001100110
20110312003 (base 4) to base 13
5b5550
23c41 (base 16) to base 3
21102221211
2202403 (base 9) to base 16
120c2d
Convert -3570406 (base 8) to base 4.
-3233010012
-6264655 (base 10) to base 7
-104151205
What is -10000101011100111000 (base 2) in base 3?
-1000202211001
-250304626 (base 7) to base 14
-2129516
What is 64b49 (base 14) in base 8?
733755
What is 1001111100010001011 (base 2) in base 5?
40411041
What is -10001011000101 (base 2) in base 12?
-5199
What is 3301321103 (base 4) in base 7?
11264432
Convert -354031 (base 7) to base 12.
-30b24
Convert -3153543 (base 6) to base 5.
-14430304
-1457631 (base 9) to base 13
-222b77
What is -1541145 (base 8) in base 7?
-3523330
Convert -133101111 (base 4) to base 10.
-128085
What is 4122521 (base 6) in base 3?
101001002011
Convert -212010221022 (base 3) to base 6.
-13433055
What is -5405526 (base 7) in base 14?
-13184d
Convert 12d8b3 (base 14) to base 10.
652053
What is 221010001 (base 4) in base 8?
510401
Convert 535786 (base 9) to base 10.
319218
Convert -130323 (base 6) to base 5.
-334122
-310212 (base 7) to base 2
-1100111011000001
What is 3440304 (base 5) in base 15?
13554
3a4281 (base 12) to base 10
961153
10442103 (base 6) to base 10
316695
Convert 350080 (base 10) to base 6.
11300424
1110011010010 (base 3) to base 2
10111100001001001101
-11301301 (base 4) to base 5
-1224130
What is -13e52 (base 16) in base 7?
-456403
Convert 643e5 (base 15) to base 5.
40140030
Convert 155752 (base 11) to base 5.
30214230
-62070 (base 8) to base 11
-18304
-22211221221120 (base 3) to base 13
-c88b24
What is -2a4aa1 (base 12) in base 7?
-6031111
Convert -586352 (base 9) to base 14.
-925d3
9a13 (base 13) to base 3
1002110112
What is 920659 (base 10) in base 15?
132bc4
-83e72 (base 15) to base 2
-1100110001001001110
What is -35753177 (base 8) in base 4?
-131331121333
170629 (base 15) to base 7
12323064
ad24c0 (base 14) to base 4
112130202320
What is -4047bc (base 13) in base 6?
-52014402
Convert -3133303233 (base 4) to base 2.
-11011111110011101111
-201133113032 (base 4) to base 14
-12475ca
Convert -1196d (base 14) to base 2.
-1010100000001101
What is -11616403 (base 7) in base 8?
-3774244
-76c93 (base 16) to base 7
-4064335
659 (base 14) to base 6
5451
What is 52646 (base 16) in base 9?
563835
What is -5306252 (base 7) in base 2?
-10011100011101011011
What is 15665811 (base 9) in base 7?
123423466
1181208 (base 10) to base 14
22a680
-1404d47 (base 14) to base 15
-cb7649
Convert 5b868 (base 15) to base 16.
47534
Convert 254245120 (base 6) to base 8.
22745750
200003100 (base 4) to base 6
2451440
Convert -101001110010011010010 (base 2) to base 13.
-38c348
What is 64008 (base 14) in base 9?
407221
-6206 (base 9) to base 14
-1926
Convert 1122243403 (base 5) to base 15.
352b03
What is -2872350 (base 12) in base 15?
-aa3719
What is 8233715 (base 10) in base 6?
452251015
Convert 69cb4 (base 15) to base 6.
11120054
10001302 (base 4) to base 13
7681
Convert -43819 (base 10) to base 3.
-2020002221
17966 (base 15) to base 5
4420441
53d15 (base 15) to base 11
171aa6
Convert -1011110110100111110 (base 2) to base 9.
-651721
What is 246626 (base 8) in base 9?
140126
Convert 254622502 (base 7) to base 3.
1010112021211001
What is -1282975 (base 10) in base 12?
-51a567
-3072417 (base 11) to base 14
-a114aa
-46397aa (base 11) to base 10
-8109419
33a3b99 (base 13) to base 7
252023064
-310310220 (base 5) to base 4
-10303220130
-31a3a (base 13) to base 10
-89619
What is -12030133 (base 5) in base 10?
-111293
-40004513 (base 6) to base 16
-111a1d
-250204120 (base 6) to base 2
-10010001101110111010000
What is 780887 (base 10) in base 14?
164819
What is 21212203202 (base 4) in base 6?
125541442
What is -3011011413 (base 5) in base 6?
-331340423
Convert -205302335 (base 6) to base 3.
-20210201202212
What is 15332461 (base 7) in base 15?
1e09c7
What is -1003301203 (base 4) in base 13?
-99481
What is -2b374b (base 14) in base 5?
-341223040
Convert -141a8 (base 14) to base 16.
-c248
Convert -10112441 (base 6) to base 13.
-a1a88
-84619 (base 12) to base 5
-21024220
What is 100232223 (base 5) in base 3?
202021102010
-2111245 (base 7) to base 14
-68ccc
What is -10145541 (base 8) in base 5?
-1022233332
What is 100120330213 (base 4) in base 6?
232031051
What is 391b27 (base 12) in base 7?
10650133
Convert 1569b (base 16) to base 8.
253233
Convert 1446547 (base 10) to base 16.
161293
Convert -3a7898 (base 12) to base 13.
-27b327
What is 1644125 (base 11) in base 16?
2ac0ef
1742c (base 14) to base 8
162120
-52d5 (base 16) to base 3
-1002002101
Convert -2120000112210 (base 3) to base 12.
-556226
What is -172347 (base 11) in base 3?
-111112201121
What is 385174 (base 9) in base 3?
102212012111
29974 (base 14) to base 5
11302034
Convert -522213 (base 12) to base 9.
-2374636
Convert -1110100111001100 (base 2) to base 16.
-e9cc
Convert 1532725 (base 10) to base 12.
61abb1
What is 140003 (base 11) in base 13?
78c69
What is a988a (base 11) in base 5?
20100310
100010011001110 (base 2) to base 13
802c
What is -121322233 (base 4) in base 7?
-621334
-1003053535 (base 6) to base 2
-100111000000010101100011
1321344 (base 6) to base 7
422422
Convert -2410333114 (base 5) to base 8.
-25150406
What is 24144304 (base 5) in base 10?
224954
What is -141033233 (base 5) in base 9?
-1318106
What is -100011111000011010 (base 2) in base 6?
-3052230
What is -84412 (base 10) in base 14?
-22a96
Convert 299c79 (base 15) to base 14.
3a3896
What is 1388943 (base 11) in base 9?
4432643
What is 30402112 (base 5) in base 2?
111100010101110101
2651c5 (base 13) to base 9
1660204
What is -221112100121 (base 3) in base 7?
-4162063
1a33b (base 12) to base 15
b615
What is -450b9a (base 14) in base 2?
-1000111100101011000100
-9396 (base 16) to base 3
-1220211100
What is -4a464 (base 15) in base 9?
-401384
Convert -8d93c0 (base 15) to base 14.
-c81203
1899567 (base 11) to base 14
5d5ad5
Convert -674c46 (base 13) to base 11.
-1416142
What is 210047 (base 8) in base 2?
10001000000100111
Convert -112112112202 (base 3) to base 8.
-1056726
Convert 121a52 (base 11) to base 10.
192931
Convert 113233322 (base 5) to base 13.
1547b0
Convert 2dd592 (base 16) to base 8.
13352622
What is -542625 (base 15) in base 13?
-aa4110
What is 21030021231 (base 4) in base 14?
469d25
Convert -1c387 (base 14) to base 3.
-10122211120
5322321 (base 8) to base 10
1418449
-111736 (base 8) to base 5
-2202404
What is 3424426 (base 7) in base 14?
b164d
Convert -f81d7 (base 16) to base 5.
-230010104
-342122 (base 10) to base 14
-8c974
Convert 9921 (base 11) to base 9.
18855
-1110101010001011001010 (base 2) to base 11
-2195140
-112325153 (base 6) to base 5
-1013024213
Convert 6112a (base 13) to base 7.
1322420
Convert 102010110012021 (base 3) to base 2.
10110100011110010111110
-11356839 (base 10) to base 2
-101011010100101010100111
What is -4108de (base 15) in base 3?
-12210222212102
-361a65 (base 12) to base 7
-10300364
Convert 213233120 (base 4) to base 11.
101329
Convert -111100102212221 (base 3) to base 9.
-14312787
What is -32004310 (base 5) in base 7?
-2156052
-15a825 (base 13) to base 9
-1008217
What is 10001111101110010001010 (base 2) in base 14?
8a841c
Convert 2b30c3 (base 16) to base 6.
140400151
Convert -9f816 (base 16) to base 4.
-2133200112
What is -1152035 (base 6) in base 14?
-18515
What is 234207 (base 8) in base 7?
452154
-9760d (base 15) to base 13
-13a9b3
49a5b8 (base 13) to base 6
101500055
Convert 1420034320 (base 5) to base 10.
3674335
What is 14ada (base 14) in base 13?
1a5cc
What is -3167a (base 14) in base 4?
-131013230
What is -20120311332 (base 4) in base 8?
-10306576
Convert 110011001100001010 (base 2) to base 8.
631412
What is 323303220 (base 4) in base 5?
30314333
What is 280748 (base 10) in 